of 60 and l?
15
Let v(a) = 5*a + 25. Let x be v(13). Calculate the greatest common divisor of x and 10.
10
Let r(z) = -z**2 - 25*z - 144. Let c be r(-12). Let w = 6 - -12. Calculate the greatest common divisor of w and c.
6
Let o(z) = -z**3 + 5*z**2 + 4*z + 28. Let v be o(6). Calculate the highest common factor of 48 and v.
16
Let s(l) = -3*l**3 - l**2. Let j be s(-1). Suppose 0 = 2*c - j*r - 28, 3*r + 3 = 2*c - 29. Calculate the greatest common divisor of 50 and c.
10
Let b be 0 + (-26)/(-1 + -1). Let r = 7 + -7. Suppose r = -s + 4*s + 5*c - 127, -5*s = 5*c - 205. Calculate the highest common factor of b and s.
13
Suppose -7*q = -0 - 119. What is the greatest common divisor of 187 and q?
17
Let n(u) = u**2 - 13*u - 4. Let d be n(16). What is the greatest common divisor of d and 4?
4
Let s = -10 + 13. What is the highest common divisor of 15 and s?
3
Let k be (-9)/(-3) - -2 - 1. Suppose v - 441 + 25 = 4*i, -4*v + 1604 = -k*i. Suppose -4*s + v = -0*s. What is the highest common factor of s and 9?
9
Suppose 259 - 643 = -8*x. Calculate the greatest common factor of 3 and x.
3
Suppose -6*q = -80 - 112. What is the greatest common divisor of 48 and q?
16
Let k be (2*-1)/(-1 - 1). Let q = 4 + k. What is the greatest common factor of 20 and q?
5
Let l be (-1 - 0)*2/2. Let z = -1 + l. Let o be z/(6/(-39)) + 2. What is the highest common factor of 15 and o?
15
Suppose -3*a + 18 = -0*a. What is the greatest common factor of 12 and a?
6
Suppose -3*q = 10 - 37. Let s = q + -5. Calculate the highest common divisor of 28 and s.
4
Suppose -g + 0*g = 4*b - 89, b + 5*g - 8 = 0. Calculate the highest common factor of b and 46.
23
Let n = -1 + 5. Let y be 46/n - 2/(-4). Suppose -h - 6*d + 3*d + 4 = 0, 3*h = 5*d + y. What is the greatest common divisor of 32 and h?
4
Let c be (84/(-63))/(1/(-144)). What is the highest common divisor of c and 24?
24
Suppose -1 = -2*k + 5, -l + 2 = k. Let f = l + 4. Suppose j + 308 = f*j. Calculate the highest common factor of 14 and j.
14
Let p(g) = 6*g + 2. Let q be p(2). Let x = -1 + 6. Suppose -3*w = 4*j - 366, -624 = -x*w - 3*j + j. Calculate the greatest common divisor of q and w.
14
Suppose -7*n + n = -66. Calculate the highest common divisor of n and 88.
11
Suppose 5*w - 4*w = 9. Calculate the greatest common divisor of 1 and w.
1
Suppose 80 = 4*q - g, 0 = -2*q - q + 4*g + 60. Let u(n) = n**3 + 3*n**2 - 4*n - 7. Let j be u(-3). What is the highest common factor of j and q?
5
Suppose 21 = z - 3*a - 1, 3*z - 2*a = 52. Let l be 18/8*z/3. Calculate the greatest common factor of l and 96.
12
Suppose 3*j - 5*h = 128, -4*h + 19 = -j + 71. What is the greatest common divisor of 12 and j?
12
Suppose -14 = -2*l + 14. Suppose -l = -2*w - 4*b, -26 = -6*w + 4*w - b. Let z be 1/4 - (-479)/4. Calculate the highest common divisor of z and w.
15
Let r = 104 + -58. Suppose -5*g + 5*j = -251 + r, -g - 3*j + 21 = 0. Suppose g = -k + 2*k. What is the highest common divisor of 24 and k?
12
Suppose -4*q - 2*w - 44 = -6*w, 0 = q + w + 7. Let c be 4/(-3)*(0 - q). Let z be (0 + 1 - c) + 2. Calculate the greatest common factor of z and 10.
5
Let w(t) = t**3 - 9*t**2 + 10*t - 7. Let m be w(8). Let f = m - 4. Calculate the highest common factor of 55 and f.
5
Let s be (-6)/(-36)*76*6. What is the highest common divisor of 19 and s?
19
Let t be 0 + 3 - 0/2. Suppose 25 = 5*n - 2*f, 0*n + 30 = 5*n - t*f. Suppose 3*u - n*x = -0*x + 42, 2*x = 6. What is the highest common factor of u and 17?
17
Suppose 87 + 233 = 4*v. Let q(c) = -c**2 + 5 + 3 + 2. Let f be q(0). What is the greatest common factor of v and f?
10
Let o(v) = 2*v**2 - 5*v - 10. Let f be o(-4). What is the greatest common divisor of 6 and f?
6
Suppose 35 = m + 4*r, 3*r = m - r + 5. Calculate the greatest common divisor of 45 and m.
15
Suppose 2*h + 200 = 7*h. Let q(m) = m**3 + 5*m**2 - 2*m + 6. Suppose 4*r + r = -25. Let p be q(r). Calculate the greatest common divisor of h and p.
8
Suppose -20 = -4*w, 2*c - 2*w + 5*w = 21. Suppose 1 = -4*m + m + 4*p, c*m + 4*p - 7 = 0. What is the highest common factor of m and 2?
1
Suppose -2*n = 5*r + 2*n - 108, 2*r - 36 = -4*n. Suppose -4*d + 27 = 3*g, -4*g + r + 12 = 2*d. Let a = g + 21. Calculate the greatest common factor of a and 6.
6
Let z = -56 - -100. What is the greatest common divisor of z and 22?
22
Suppose 0 = -4*k - 2*a, -4*a = 3*k - a. Let d = 2 + k. Suppose b - d*b + 25 = 0. Calculate the highest common divisor of b and 10.
5
Suppose 5*j + 5*o = 320, -3*j - o + 36 + 160 = 0. Suppose 0 = 3*u - 18 + j. Let b = u - -46. Calculate the greatest common divisor of 12 and b.
6
Suppose 21 = 4*k - 115. What is the greatest common factor of 51 and k?
17
Suppose 21 + 9 = 6*i. Let w(y) = 2*y**2 + 7. Let q be w(i). What is the greatest common factor of q and 19?
19
Let t be -4 + 1 - (-9 - -2). What is the highest common factor of t and 20?
4
Suppose 5*k - 8*k = -150. What is the highest common factor of 20 and k?
10
Suppose 4*l = 72 - 12. Let k be (-112)/(-21) + (-2)/(-3). What is the greatest common divisor of k and l?
3
Let z(n) = -n**2 - 6*n + 7. Let d be z(-7). Let g be (-4 - -8) + d/2. Calculate the greatest common factor of 32 and g.
4
Suppose 3*r = 8*r - 55. What is the greatest common divisor of r and 11?
11
Let r be (3 - (0 - 1)) + -3. Calculate the highest common factor of 4 and r.
1
Let d(f) = -f**3 + 10*f**2 - 9*f + 5. Let l be d(9). Let m = -2 + 1. Let z = l + m. What is the highest common factor of z and 28?
4
Let q(d) = -12*d - 8. Let o be q(-16). What is the highest common factor of o and 23?
23
Let l = 2 + -1. Suppose -m + l = -2. Suppose 0 = -m*k + 2*j + 43, -4*k + 0*j - 4*j = -24. What is the greatest common factor of 121 and k?
11
Let k(s) = -s**3 + 13*s**2 - 4*s - 9. Let w be k(11). Calculate the highest common factor of 27 and w.
27
Let w be (-4 + 1)/((-6)/10). Suppose k - 85 = 4*l, l + 4*l = w*k - 425. What is the greatest common factor of 17 and k?
17
Suppose 0 = -2*t + 2*b - 0*b + 34, -5*b + 69 = 2*t. Suppose n + t = 3*n. Let g = 15 - n. What is the highest common divisor of g and 8?
4
Let n = 271 + -163. Let v be (18/(-24))/(2/(-32)). Calculate the highest common factor of v and n.
12
Suppose 5*q = 4*q + 2. What is the greatest common divisor of q and 16?
2
Suppose 29*x + 20 = 33*x. What is the greatest common factor of x and 25?
5
Suppose -2*i + 42 + 72 = 0. Calculate the greatest common factor of i and 38.
19
Let l(c) = -4 - 1 + 4*c + 11 + 10. Let p be l(8). Calculate the greatest common factor of 6 and p.
6
Let q be (5/2 + -2)*4. Let k be 19/5 - q/(-10). Let p = 12 - 0. Calculate the highest common divisor of k and p.
4
Suppose -3*z + 43 + 32 = 0. Calculate the greatest common divisor of z and 100.
25
Let a be (14/5)/(19/190). Calculate the greatest common divisor of 56 and a.
28
Let s(d) = -d**3 - 5*d**2 - 3*d - 10. Let l be s(-5). Suppose -2*q - n + 47 = 2*n, l*q - 3*n = 65. Calculate the greatest common factor of q and 32.
16
Let g be 151*(0 - -2)/(-2). Let y = g - -214. Calculate the greatest common factor of y and 9.
9
Suppose w + 0*w + 41 = 2*r, 0 = -5*w + 5. Calculate the highest common factor of 6 and r.
3
Suppose 128 = 44*a - 40*a. What is the greatest common divisor of 80 and a?
16
Suppose -3 = p - 2*p. Let x = 13 - p. Let s(a) = -a**3 + 6*a**2 - 7*a + 6. Let z be s(4). What is the highest common divisor of z and x?
10
Let h = 35 + -57. Let x be h/(-3)*21/14. Calculate the greatest common factor of x and 11.
11
Let u = 61 + -43. Calculate the highest common divisor of 3 and u.
3
Suppose 5*s + 2*b - 4*b = 64, s - 17 = -b. What is the greatest common divisor of s and 154?
14
Suppose -3*b + 4*g = 52, 4*b + g + 40 = -g. Let q(l) = -l**3 - 13*l**2 - 13*l - 2. Let p be q(b). Calculate the highest common divisor of 5 and p.
5
Suppose -124 = 3*l - 4*i - 375, -3*l + 259 = 4*i. What is the highest common divisor of 34 and l?
17
Let q be 0 + (0 - 4 - -44). Calculate the greatest common factor of q and 20.
20
Let b(h) = 31*h**2 + h. Let w be -1*((-3 - -3) + -2). Let d be b(w). Calculate the highest common factor of d and 18.
18
Suppose 4*n + 0*n = 48. Suppose 6*z - 3*z = n. Calculate the greatest common divisor of 20 and z.
4
Let y be ((-6)/(-3))/(-1) + 58. Calculate the greatest common factor of y and 7.
7
Let z = -4 + 8. Let